7 - -61)).
61
What is -95 + (-102 - (126 + -240))?
-83
Calculate 17 + (-29 - (9 - 19) - -7) + -112 - -5.
-102
-33 + (99 - 45) + 0 + 0 + 103
124
What is the value of -89 + (29 - (-6 - 1)) + -5?
-58
What is (-38 - -9) + (-7 - 0) + 5 + -8?
-39
What is -10 - (-1 - -7 - (9 + -1 + 16 + -14))?
-6
What is the value of (-20 + 23 - 22) + -54 + 23?
-50
Calculate -1 + 30 + (30 - (-35 + 93)).
1
29 - (4 + (-31 - -29) + 2 + 0)
25
Evaluate 29 - ((-62 - -36) + 58).
-3
What is the value of -111 + (381 - 105) + -99?
66
Evaluate (-3 + -39 - -5) + 34 + (-42 - 2).
-47
Calculate -81 - (-90 + (1 - -37)).
-29
0 + 9 + -27 - -25
7
What is the value of (-9 - (-15 + 21)) + (10 - (12 + -9))?
-8
What is the value of 20 + (10 + 1 + 28 - 13 - 13)?
33
Evaluate 17 - 9 - (13 - (12 + -3) - (-51 - -1)).
-46
What is 3 + 53 + -2159 + 2148?
45
What is the value of -57 - 0 - (283 - 304 - (-22 + 0))?
-58
(0 - 17) + (-167 - -152 - -19)
-13
Evaluate 8 - -44 - (18 - (-4 - -34)).
64
What is the value of 25 - (-50 + (-1 - -43))?
33
What is 22 + -21 + -10 - (33 + -54)?
12
What is -37 + (-41 - -30 - 6 - 15)?
-69
Calculate 20 + 1 + (-22 - -35 - -6).
40
Evaluate (-59 - -69) + (0 - 4 - (17 + 21)).
-32
What is the value of (-22 - -3 - -1) + 15 + 28?
25
Evaluate -9 + (1 - (7 - 7 - (30 + 0))).
22
Evaluate -56 - (52 - (-26 + 15)).
-119
What is 263 + -327 - (-7 + (6 - -30))?
-93
What is the value of 66 + (-28 - 20) + 5?
23
What is -22 - (-18 - (23 + -37) - 19)?
1
What is (1 - 25) + -1 + (-97 - -103) + 131?
112
What is 157 + 91 + -115 + -176?
-43
Evaluate -11 + -61 - ((-1 - (-2 - -4)) + -11 + 9).
-67
What is -40 - ((10 - 10 - 8) + -4)?
-28
Calculate 2 + -7 + (4 - -1) + -165 + 84.
-81
What is the value of 1 + 52 + 73 + -19?
107
Calculate (-3 + 1 - (-4 - 3 - 2)) + -12.
-5
What is -56 - 7 - (-8 - -8) - -6?
-57
What is 25 + -12 - (6 + (6 - -29 - -2))?
-30
What is the value of 1 - (12 + 1) - (191 + -82 - 108)?
-13
Calculate 49 - (15 - (-40 - -47)).
41
(-11 - (2 - 4 - (405 + -313))) + 7
90
Evaluate 141 + -127 + -10 + (8 - (-2 - -3)).
11
What is -103 + (-35 - -58) - -126?
46
What is -12 + (-3 + 2 - (51 - 74))?
10
Evaluate -191 + 160 + -7 + 58.
20
What is 18 - (3 - (1 + -12 + 12 + -6))?
10
7 + -1 + -286 + 283 + 39
42
What is (-3 - (8 + -22)) + (9 - (48 - -7))?
-35
Calculate (-17 - -39) + -4 - 30 - -4.
-8
Evaluate -54 + 4 - (45 + -90).
-5
Evaluate (-219 + 261 - (6 + -4 + -10)) + -5.
45
What is the value of (-3 - (-22 + 46)) + 32?
5
What is the value of -2 - -2 - (584 - 611)?
27
What is the value of (241 + -240 - (-1 - -7)) + (1 - 18)?
-22
-6365 - -6330 - (-3 - 90)
58
Evaluate (20 - 59) + -14 + 44 + 0 + (3 - -88).
82
What is the value of -43 - -72 - (-7 - 10 - -5)?
41
Calculate -157 + 138 - (1 - 67).
47
Calculate 53 + -62 + (-6 - -24) - 35.
-26
What is -41 - (-4 - 2 - -62 - 35)?
-62
Calculate 36 - 56 - 31 - (-2 + -2 - (-2 - 4)).
-53
Evaluate 2 + -10 + (19 + 26 - 44).
-7
Calculate (-6 - 0 - 15) + 0 + 14.
-7
What is 3098 + -3107 - (-2 + -62)?
55
(-68 - -47) + 69 - 90
-42
What is 18 - (32 - -132 - 37 - 0)?
-109
14 + -25 - (-45 + 4)
30
-51 + (17 - 63 - -33) - (20 - 2)
-82
What is (3 - (-8 + 13 + -1)) + (-1 - 25)?
-27
What is the value of -1 - (-2 - -6) - (1222 - 1209)?
-18
Evaluate 0 - -9 - (-86 - (33 + -117)).
11
Evaluate 2 + ((-7 - 4) + (19 - 9) - -33).
34
-102 - -142 - (34 - -1)
5
Calculate (50 - 0) + (1660 - 1693) - ((8 - 1) + 0).
10
14 + (4 - (9 + 47)) + 23
-15
What is the value of (-68 - -50) + (1 - -13) - -5?
1
Evaluate 1 + (59 + -55 + (3 - 4) - -12).
16
Calculate 0 + 81 - (-144 - (-364 - -203)).
64
Evaluate (-4 - (11 - 1)) + (-22 - 11) + 3.
-44
60 + -138 + 19 - (0 + 20)
-79
-5 + (204 + -95 + 14 - (15 - -1))
102
Calculate 12 - ((-26 - 4) + 71).
-29
Calculate 21 + (-72 - -59) + -5 + 2.
5
Calculate 44 + (-41 - (23 - 34)) + 6 + 0.
20
Calculate (-49 - -3) + -309 + 330.
-25
-1 + (73 - 6) - (-353 - -366)
53
-26 + -14 + (-7 - 11) + -2
-60
Calculate 0 + 2 + -3 + -3 + (1909 - 1918).
-13
What is (12 - (10 - 9)) + 0 + -1 + -1 + 53?
62
(-6 - (5 + 34)) + (39 - 57)
-63
Evaluate -26 - (6 + 3 + -9 - 11 - -18).
-33
Evaluate 24 + -7 - -31 - 50.
-2
Calculate -664 - -676 - (-10 + 0) - -30.
52
Evaluate -1 + -7 - (17 - 18 - 1) - (-75 - 0).
69
What is the value of (-140 - -128) + -3 + (-5 - (-53 + 0))?
33
What is 6 - -2 - (-14 + 0 + 7 - -112)?
-97
Evaluate -991 + 974 - (-26 - -1).
8
What is the value of 4183 - 4178 - (-3 + (-2 - -4) + (-110 - 1))?
117
Calculate -62 - (15 - (183 - 86)).
20
What is -16 + (30 - -6) + -31 + 55?
44
Evaluate 11 + (-50 + 128 - 55).
34
2 - 70 - (-8 + (-22 - -31))
-69
Calculate -16 + 34 + -24 - (7 - 3).
-10
63 + (3 - 15) - (10 + 1 + (-60 - -57))
43
Calculate -514 - -522 - ((-1 - -2) + -31).
38
(-7 - -2 - 9) + (-13 + 18 - -5) - 0
-4
What is the value of 55 + 22 - (1 + 4 + -1 + 2 + -1)?
72
What is (-368 - -377 - (-34 + -2)) + -15?
30
Calculate 18 + (31 - (9 + -1) - 89).
-48
Evaluate 1 - (5 + 0) - (15 - 26).
7
What is the value of 15 + 33 + (4 - -47)?
99
Calculate (-14 - (-8 - -5)) + -24 - -21.
-14
What is 3 + -2 + 11 + (11 - (18 + 0))?
5
Calculate (0 + -2 - -6) + (2 - -178 - 182).
2
Evaluate (-4 - -26 - (-8 - -20) - 61) + (-3 - -10).
-44
Evaluate 19 - ((-12 - 8) + -8 - -49).
-2
Calculate -221 - -232 - (-2 - -2 - (6 + -32 - 5)).
-20
What is the value of -35 + (-25 - (-7 - (-4 + 7))) - -7?
-43
What is the value of -10 + 9 + (17 - (14 - -9)) + 0 + 5?
-2
Calculate (15 - (14 - 11)) + (-2 - -10 - -1 - 140).
-119
Calculate 13 + (0 - 0) - (-1363 - -1360) - -15.
31
Calculate (1 - 19) + -1 + -6 + -23.
-48
-329 + 336 + (-1 - -26)
32
Evaluate -7 + (-20 + 1 - -24) - (4 - -1).
-7
What is the value of (7 + -9 - 44) + -440 + 451?
-35
Evaluate -8 + (-5 - (12 + -12)) + (-145 - -56).
-102
What is -2 + (-38 - -24) + -1 + 18 - (6 - -1)?
-6
What is 32 - (-49 + -1 + -25 + 54)?
53
What is -15 + 5 - (-3 - (4 - 0 - (21 + -20)))?
-4
4 + 129 + -134 - (-2 + 0 - 50)
51
What is -49 - ((0 - (7 - 3)) + 9 + 5 + -15)?
-44
What is -288 + (-3 - (-175 + 20))?
-136
What is the value of 46 - (-16 - ((-6 - 15) + 30))?
71
Evaluate (-22 - (-6 + -17) - 3) + 20.
18
What is 2 - ((-65 - -54) + -15)?
28
Calculate (-10 + 3 + 26 - 7) + -18.
-6
-5 - (7 - -1 - 8) - (9 + 6)
-20
Evaluate -21 + (1 - (22 - 57)).
15
Calculate -813 + 802 + (-3 + 2 - (-90 + 4)) - -3.
77
What is the value of -8 + 37 - (82 - (-1 + 10))?
-44
Evaluate -1 + 0 + -1 + -13 + (316 - 338).
-37
45 + (-1 - 3) + (5426 - 5543)
-76
What is the value of -4 - (-20 + -3) - (-6 + 26)?
-1
Calculate -14 + 14 + -25 + (-4 - -8) + -7.
-28
What is the value of (3 + 8 - 0) + 1249 + -1222?
38
Calculate -74 - (-19 + -79 - -43).
-19
67 + -54 + (0 - (-2 + -5 + 7))
13
Calculate (25 - 63) + (-327 - -385).
20
24 - (32 - 95 - -25) - (-4 + -1)
67
What is 80 + -17 + -20 + -17?
26
What is (-19 - -23 - 28) + -4?
-28
1 - 16 - (-25 + (80 - 52))
-18
What is the value of -4 + (-24 - (-34 - -18)) + (27 - -1) - 10?
6
(2130 - 2087) + -2 + -1 + 0
40
Calculate 38 - (-2 - (1 + 10 + -24)) - 13.
14
Evaluate 20 + (-35 - (32 + 68)).
-115
What is -3 + 3 + 4 + (8 - (0 - -28))?
-16
What is 3182 + -3229 - (1 + 9 - (4 - (-1 + 3)))?
-55
What is the value of (1 - -14) + -5 + 100 + -97?
13
What is -1 - -7 - (-7 + -15 + 3 + 9 - -50)?
-34
Evaluate (-81 - -137 - 56) + (62 - -1).
63
39 + (2 - (-4 - 8 - -5)) + 6 + -3
51
Calculate 1 + (0 - 14) + (4 + 110 - -7 - 23).
85
Calculate -24 - (-30 - (34 - 35)).
5
Calculate -16 + -9 + (-11 - 0) + 59.
23
130 - 50 - 34 - 8
38
-14 + (7 + -4 - 17) + -9
-37
Calculate (4 - -5) + -7 - (-16 - -7) - 20.
-9
What is (-34 - (6 + 29)) + (-7 - (-6 - -6) - -3)?
-73
Calculate (-40 - (-52 + 66)) + 20.
-34
-35 + (-503 + 514 - (60 + 2))
-86
Evaluate 15 + (-3 - (10 + -16)) + -17 - 21.
-20
What is the value of -261 - (-39 - (125 + -20))?
-117
1 - (-72 - (-41 + 29))
61
(37 - 79) + 19 + -19
-42
Evaluate (16 - (46 - -15)) + 91.
46
Calculate (-57 - -1) + (1258 - 1204).
-2
Evaluate 28 + (-1 - (23 - -7 - 16)) - (-2 + -67).
82
What is the value of (0 + (14 - 1) - (15 + (55 - 71))) + -5?
9
Calculate 4 + -8 + (-2 + -10 - -11).
-5
What is the value of 28 + (-27 - -20) + (-2 - 13) + -31?
-25
Evaluate -1132 + 1099 + 2 + 63.
32
Evaluate -8 + 30 - (497 + -526).
51
What is the value of -34 + (-39 - -28 - -40)?
-5
What is the value of -5 + 2 - (2 + 1) - (11980 - 11961)?
-25
What is (-87 - (-57 + -52) - (-32 + -1)) + -16?
39
What is (-242